{"id":46,"date":"2024-06-04T18:56:24","date_gmt":"2024-06-04T18:56:24","guid":{"rendered":"https:\/\/markowe-reklamacje.pl\/?page_id=46"},"modified":"2026-02-09T07:48:55","modified_gmt":"2026-02-09T07:48:55","slug":"o-mnie","status":"publish","type":"page","link":"https:\/\/markowe-reklamacje.pl\/index.php\/o-mnie\/","title":{"rendered":"O mnie"},"content":{"rendered":"\n<p><\/p>\n\n\n\n<p>Dzie\u0144 dobry!<br><br>Nazywam si\u0119 Marek St\u0119pniewski, posiadam bogate do\u015bwiadczenie w dziedzinie oceny reklamacji oraz dog\u0142\u0119bn\u0105 znajomo\u015b\u0107 przepis\u00f3w Ustawy o prawach konsumenta i Kodeksu cywilnego. Od wielu lat jestem kierownikiem dzia\u0142u reklamacji w jednym z najwi\u0119kszych w Polsce sklep\u00f3w z artyku\u0142ami sportowymi. Swoje umiej\u0119tno\u015bci rozwijam pod okiem bieg\u0142ych s\u0105dowych specjalizuj\u0105cych si\u0119 w obuwnictwie oraz rzeczoznawc\u00f3w Wojew\u00f3dzkiego Inspektoratu Inspekcji Handlowej<\/p>\n\n\n\n<p>Dzi\u0119ki szkoleniom z s\u0119dziami S\u0105du Okr\u0119gowego, radcami i prawnikami, jestem doskonale przygotowany do profesjonalnej oceny reklamacji oraz zapewnienia klientom rzetelnych i zgodnych z prawem us\u0142ug z zakresu oceny zasadno\u015bci reklamacji. Moja wiedza i do\u015bwiadczenie gwarantuje wysok\u0105 jako\u015b\u0107 i pe\u0142ne zadowolenie klient\u00f3w.<\/p>\n\n\n\n<p>Je\u015bli szukasz specjalisty, kt\u00f3ry podejdzie do Twojej sprawy z pe\u0142nym profesjonalizmem i zaanga\u017cowaniem to jestem najlepszym wyborem.<br><br>Zapraszam do kontaktu!<\/p>\n\n\n\n<figure class=\"wp-block-image aligncenter size-full\"><img loading=\"lazy\" decoding=\"async\" width=\"485\" height=\"684\" src=\"https:\/\/markowe-reklamacje.pl\/wp-content\/uploads\/2025\/06\/szkolenie_Lukasiewicz.jpg\" alt=\"\" class=\"wp-image-187\" srcset=\"https:\/\/markowe-reklamacje.pl\/wp-content\/uploads\/2025\/06\/szkolenie_Lukasiewicz.jpg 485w, https:\/\/markowe-reklamacje.pl\/wp-content\/uploads\/2025\/06\/szkolenie_Lukasiewicz-213x300.jpg 213w\" sizes=\"auto, (max-width: 485px) 100vw, 485px\" \/><\/figure>\n\n\n\n<figure class=\"wp-block-image size-large\"><img loading=\"lazy\" decoding=\"async\" width=\"1024\" height=\"731\" src=\"https:\/\/markowe-reklamacje.pl\/wp-content\/uploads\/2024\/11\/Bez-tytulu-1024x731.jpg\" alt=\"\" class=\"wp-image-164\" srcset=\"https:\/\/markowe-reklamacje.pl\/wp-content\/uploads\/2024\/11\/Bez-tytulu-1024x731.jpg 1024w, https:\/\/markowe-reklamacje.pl\/wp-content\/uploads\/2024\/11\/Bez-tytulu-300x214.jpg 300w, https:\/\/markowe-reklamacje.pl\/wp-content\/uploads\/2024\/11\/Bez-tytulu-768x548.jpg 768w, https:\/\/markowe-reklamacje.pl\/wp-content\/uploads\/2024\/11\/Bez-tytulu.jpg 1130w\" sizes=\"auto, (max-width: 1024px) 100vw, 1024px\" \/><\/figure>\n\n\n\n<figure class=\"wp-block-image size-large\"><img loading=\"lazy\" decoding=\"async\" width=\"1024\" height=\"729\" src=\"https:\/\/markowe-reklamacje.pl\/wp-content\/uploads\/2026\/02\/Scan_0001-1024x729.jpg\" alt=\"\" class=\"wp-image-203\" srcset=\"https:\/\/markowe-reklamacje.pl\/wp-content\/uploads\/2026\/02\/Scan_0001-1024x729.jpg 1024w, https:\/\/markowe-reklamacje.pl\/wp-content\/uploads\/2026\/02\/Scan_0001-300x214.jpg 300w, https:\/\/markowe-reklamacje.pl\/wp-content\/uploads\/2026\/02\/Scan_0001-768x547.jpg 768w, https:\/\/markowe-reklamacje.pl\/wp-content\/uploads\/2026\/02\/Scan_0001.jpg 1131w\" sizes=\"auto, (max-width: 1024px) 100vw, 1024px\" \/><\/figure>\n","protected":false},"excerpt":{"rendered":"<p>Dzie\u0144 dobry! Nazywam si\u0119 Marek St\u0119pniewski, posiadam bogate do\u015bwiadczenie w dziedzinie oceny reklamacji oraz dog\u0142\u0119bn\u0105 znajomo\u015b\u0107 przepis\u00f3w Ustawy o prawach konsumenta i Kodeksu cywilnego. Od wielu lat jestem kierownikiem dzia\u0142u reklamacji w jednym z najwi\u0119kszych w Polsce sklep\u00f3w z artyku\u0142ami sportowymi. Swoje umiej\u0119tno\u015bci rozwijam pod okiem bieg\u0142ych s\u0105dowych specjalizuj\u0105cych si\u0119 w obuwnictwie oraz rzeczoznawc\u00f3w Wojew\u00f3dzkiego [&hellip;]<\/p>\n","protected":false},"author":1,"featured_media":0,"parent":0,"menu_order":0,"comment_status":"closed","ping_status":"closed","template":"","meta":{"footnotes":""},"class_list":["post-46","page","type-page","status-publish","hentry"],"_links":{"self":[{"href":"https:\/\/markowe-reklamacje.pl\/index.php\/wp-json\/wp\/v2\/pages\/46","targetHints":{"allow":["GET"]}}],"collection":[{"href":"https:\/\/markowe-reklamacje.pl\/index.php\/wp-json\/wp\/v2\/pages"}],"about":[{"href":"https:\/\/markowe-reklamacje.pl\/index.php\/wp-json\/wp\/v2\/types\/page"}],"author":[{"embeddable":true,"href":"https:\/\/markowe-reklamacje.pl\/index.php\/wp-json\/wp\/v2\/users\/1"}],"replies":[{"embeddable":true,"href":"https:\/\/markowe-reklamacje.pl\/index.php\/wp-json\/wp\/v2\/comments?post=46"}],"version-history":[{"count":10,"href":"https:\/\/markowe-reklamacje.pl\/index.php\/wp-json\/wp\/v2\/pages\/46\/revisions"}],"predecessor-version":[{"id":204,"href":"https:\/\/markowe-reklamacje.pl\/index.php\/wp-json\/wp\/v2\/pages\/46\/revisions\/204"}],"wp:attachment":[{"href":"https:\/\/markowe-reklamacje.pl\/index.php\/wp-json\/wp\/v2\/media?parent=46"}],"curies":[{"name":"wp","href":"https:\/\/api.w.org\/{rel}","templated":true}]}}